prime factors of 2973?
3, 991
What are the prime factors of 3284?
2, 821
What are the prime factors of 1220?
2, 5, 61
What are the prime factors of 294?
2, 3, 7
List the prime factors of 116562.
2, 3, 19427
What are the prime factors of 22998?
2, 3, 3833
What are the prime factors of 2428?
2, 607
What are the prime factors of 63024?
2, 3, 13, 101
List the prime factors of 1218.
2, 3, 7, 29
What are the prime factors of 1023?
3, 11, 31
List the prime factors of 1871.
1871
What are the prime factors of 36165?
3, 5, 2411
What are the prime factors of 5413?
5413
List the prime factors of 884.
2, 13, 17
List the prime factors of 67520.
2, 5, 211
What are the prime factors of 21633?
3, 7211
What are the prime factors of 20?
2, 5
List the prime factors of 16473.
3, 17, 19
List the prime factors of 86614.
2, 11, 31, 127
List the prime factors of 43.
43
List the prime factors of 49503.
3, 29, 569
What are the prime factors of 700?
2, 5, 7
List the prime factors of 2358.
2, 3, 131
What are the prime factors of 9681?
3, 7, 461
What are the prime factors of 1045?
5, 11, 19
What are the prime factors of 2556?
2, 3, 71
List the prime factors of 5470.
2, 5, 547
List the prime factors of 44.
2, 11
List the prime factors of 444.
2, 3, 37
What are the prime factors of 1221?
3, 11, 37
What are the prime factors of 14895?
3, 5, 331
What are the prime factors of 1917?
3, 71
What are the prime factors of 1398?
2, 3, 233
List the prime factors of 7940.
2, 5, 397
List the prime factors of 790.
2, 5, 79
List the prime factors of 3949.
11, 359
List the prime factors of 1063.
1063
List the prime factors of 16875.
3, 5
What are the prime factors of 47791?
47791
What are the prime factors of 10820?
2, 5, 541
List the prime factors of 4316.
2, 13, 83
List the prime factors of 865.
5, 173
What are the prime factors of 868?
2, 7, 31
What are the prime factors of 68151?
3, 22717
What are the prime factors of 17130?
2, 3, 5, 571
What are the prime factors of 65015?
5, 13003
List the prime factors of 13369.
29, 461
List the prime factors of 858.
2, 3, 11, 13
What are the prime factors of 7548?
2, 3, 17, 37
What are the prime factors of 11963?
7, 1709
List the prime factors of 13854.
2, 3, 2309
What are the prime factors of 29366?
2, 14683
What are the prime factors of 1240?
2, 5, 31
What are the prime factors of 1243?
11, 113
What are the prime factors of 18719?
18719
What are the prime factors of 44610?
2, 3, 5, 1487
What are the prime factors of 1352?
2, 13
List the prime factors of 19374.
2, 3, 3229
List the prime factors of 4993.
4993
List the prime factors of 65583.
3, 7, 347
List the prime factors of 13235.
5, 2647
What are the prime factors of 8400?
2, 3, 5, 7
What are the prime factors of 1831?
1831
What are the prime factors of 5301?
3, 19, 31
List the prime factors of 11613.
3, 7, 79
List the prime factors of 134668.
2, 131, 257
What are the prime factors of 1189?
29, 41
List the prime factors of 2451.
3, 19, 43
List the prime factors of 19492.
2, 11, 443
List the prime factors of 18340.
2, 5, 7, 131
What are the prime factors of 3982?
2, 11, 181
What are the prime factors of 561?
3, 11, 17
What are the prime factors of 492?
2, 3, 41
What are the prime factors of 3150?
2, 3, 5, 7
List the prime factors of 704.
2, 11
List the prime factors of 18551.
13, 1427
List the prime factors of 8586.
2, 3, 53
What are the prime factors of 53793?
3, 43, 139
List the prime factors of 2693.
2693
What are the prime factors of 4330?
2, 5, 433
List the prime factors of 9397.
9397
List the prime factors of 4694.
2, 2347
List the prime factors of 1002.
2, 3, 167
List the prime factors of 252.
2, 3, 7
What are the prime factors of 5513?
37, 149
What are the prime factors of 20263?
23, 881
What are the prime factors of 1062?
2, 3, 59
List the prime factors of 120883.
7, 2467
List the prime factors of 6751.
43, 157
List the prime factors of 3806.
2, 11, 173
List the prime factors of 64796.
2, 97, 167
List the prime factors of 32158.
2, 7, 2297
List the prime factors of 26528.
2, 829
What are the prime factors of 1116?
2, 3, 31
What are the prime factors of 474?
2, 3, 79
List the prime factors of 11929.
79, 151
List the prime factors of 523.
523
List the prime factors of 645.
3, 5, 43
List the prime factors of 101850.
2, 3, 5, 7, 97
List the prime factors of 487.
487
List the prime factors of 9347.
13, 719
What are the prime factors of 1806?
2, 3, 7, 43
What are the prime factors of 799?
17, 47
List the prime factors of 29259.
3, 3251
List the prime factors of 110101.
23, 4787
What are the prime factors of 2807?
7, 401
What are the prime factors of 17844?
2, 3, 1487
What are the prime factors of 40685?
5, 79, 103
List the prime factors of 118057.
118057
What are the prime factors of 81805?
5, 16361
List the prime factors of 1619.
1619
List the prime factors of 3368.
2, 421
What are the prime factors of 79011?
3, 8779
List the prime factors of 79.
79
What are the prime factors of 19505?
5, 47, 83
What are the prime factors of 35251?
35251
What are the prime factors of 50899?
23, 2213
List the prime factors of 5587.
37, 151
What are the prime factors of 1754?
2, 877
What are the prime factors of 31095?
3, 5, 691
List the prime factors of 2161.
2161
List the prime factors of 2705.
5, 541
What are the prime factors of 2615?
5, 523
What are the prime factors of 190669?
190669
What are the prime factors of 1170?
2, 3, 5, 13
What are the prime factors of 2221?
2221
List the prime factors of 159.
3, 53
What are the prime factors of 101085?
3, 5, 23, 293
What are the prime factors of 7564?
2, 31, 61
What are the prime factors of 461?
461
List the prime factors of 17791.
17791
What are the prime factors of 5690?
2, 5, 569
What are the prime factors of 3778?
2, 1889
What are the prime factors of 35636?
2, 59, 151
What are the prime factors of 12611?
12611
List the prime factors of 6517.
7, 19
What are the prime factors of 10270?
2, 5, 13, 79
What are the prime factors of 1111?
11, 101
What are the prime factors of 314?
2, 157
List the prime factors of 8288.
2, 7, 37
What are the prime factors of 1012?
2, 11, 23
What are the prime factors of 2159?
17, 127
What are the prime factors of 1307?
1307
List the prime factors of 57721.
197, 293
List the prime factors of 6778.
2, 3389
What are the prime factors of 1568?
2, 7
List the prime factors of 23638.
2, 53, 223
List the prime factors of 460.
2, 5, 23
List the prime factors of 1635.
3, 5, 109
List the prime factors of 343.
7
What are the prime factors of 37872?
2, 3, 263
List the prime factors of 4163.
23, 181
List the prime factors of 26985.
3, 5, 7, 257
List the prime factors of 1130.
2, 5, 113
List the prime factors of 10384.
2, 11, 59
What are the prime factors of 41675?
5, 1667
List the prime factors of 228.
2, 3, 19
What are the prime factors of 32?
2
List the prime factors of 11429.
11, 1039
What are the prime factors of 18032?
2, 7, 23
What are the prime factors of 91?
7, 13
List the prime factors of 12486.
2, 3, 2081
List the prime factors of 140615.
5, 28123
List the prime factors of 26770.
2, 5, 2677
List the prime factors of 1130.
2, 5, 113
What are the prime factors of 100493?
100493
List the prime factors of 2047.
23, 89
What are the prime factors of 76662?
2, 3, 4259
List the prime factors of 2254.
2, 7, 23
What are the prime factors of 17517?
3, 5839
What are the prime factors of 9049?
9049
List the prime factors of 74.
2, 37
What are the prime factors of 176609?
176609
List the prime factors of 4223.
41, 103
What are the prime factors of 124412?
2, 19, 1637
List the prime factors of 1173.
3, 17, 23
List the prime factors of 462.
2, 3, 7, 11
List the prime factors of 13327.
13327
List the prime factors of 18671.
18671
What are the prime factors of 2390?
2, 5, 239
List the prime factors of 2454.
2, 3, 409
List the prime factors of 565.
5, 113
List the prime factors of 2693.
2693
List the prime factors of 87343.
19, 4597
What are the prime factors of 2547?
3, 283
What are the prime factors of 9121?
7, 1303
What are the prime factors of 753?
3, 251
List the prime factors of 13821.
3, 17, 271
List the prime factors of 114944.
2, 449
List the prime factors of 466.
2, 233
List the prime factors of 3744.
2, 3, 13
List the prime factors of 834